k + 33. Give h(3).
-27
Let w(t) = -t**3 - 4*t**2 + 3*t - 9. Give w(-5).
1
Let w(k) = 18*k - 83. Give w(5).
7
Let c(h) = 18*h + 1. Calculate c(-2).
-35
Let g(c) = -4*c. Give g(4).
-16
Let b(h) = -h**3 - 7*h**2 - 10*h - 8. Determine b(-5).
-8
Let s(j) = -j**3 + 11*j**2 - j + 4. What is s(11)?
-7
Let v(s) = -s**3 + 9*s**2 - 2. What is v(9)?
-2
Let y(w) = 2*w**2 + 2*w - 5. Calculate y(-3).
7
Let a(u) = 15*u - 291. Determine a(22).
39
Let s(i) = i**2 - 17*i + 48. Give s(3).
6
Let n(p) = 5*p - 13. Calculate n(5).
12
Let c(o) = -o**2 - 6*o - 7. Determine c(-8).
-23
Let t(y) = -y**3 + 3*y**2 + 19*y + 2. What is t(6)?
8
Let u(t) = -t + 2. Determine u(-3).
5
Let n(c) = -c - 25. Determine n(-27).
2
Let w(b) = -b**3 - 18*b**2 - 17*b - 5. Determine w(-17).
-5
Let b(a) = a**2 + 18*a - 36. What is b(-18)?
-36
Let k(l) = -2*l**2 + l + 26. Give k(-6).
-52
Let b(a) = -a**2 + a - 43. Give b(0).
-43
Let g(a) = 2*a**3 + 5*a**2 + 3*a + 3. What is g(-3)?
-15
Let f(u) = -4*u - 19. Give f(-4).
-3
Let i(t) = 27*t + 10. What is i(-2)?
-44
Let p(j) = j**2 + 4*j - 1. Give p(-4).
-1
Let b(m) = m**3 + 16*m**2 + 29*m + 12. Give b(-14).
-2
Let n(p) = 10*p + 130. What is n(-13)?
0
Let g(d) = -d**2 + 8*d - 6. What is g(2)?
6
Let u(w) = -w**3 + 2*w**2 - w + 57. Give u(0).
57
Let a(s) = s**3 - 11*s**2 - 2*s + 24. Determine a(11).
2
Let s(u) = -u**3 + 24*u**2 - 22*u - 16. Give s(23).
7
Let a(g) = g**3 + 3*g**2 - 6*g + 3. Determine a(-5).
-17
Let c(r) = r**2 + 1. Calculate c(4).
17
Let l(g) = 5*g - 90. What is l(7)?
-55
Let k(h) = -h**2 - 17*h + 103. Give k(6).
-35
Let n(v) = v**3 - 7*v**2 + 7*v + 11. Give n(5).
-4
Let n(l) = -2*l + 31. Calculate n(9).
13
Let i(b) = 5*b + 4. What is i(-3)?
-11
Let o(n) = n**2 + 1. Calculate o(7).
50
Let y(v) = 3*v + 9. What is y(22)?
75
Let o(s) = s**3 + 8*s**2 - s + 18. Calculate o(-8).
26
Let k(y) = -2*y**2 + 11*y - 4. Give k(5).
1
Let y(x) = -x**3 - 4*x**2 + x + 4. What is y(-5)?
24
Let k(h) = -20*h + 3. Determine k(2).
-37
Let n(j) = j**3 + 8*j**2 + 5*j - 37. Determine n(-6).
5
Let p(u) = -u**2 - 37*u - 296. Determine p(-26).
-10
Let q(b) = 2*b**3 + 11*b**2 - 8*b + 10. What is q(-6)?
22
Let i(r) = 12*r + 1. Determine i(-3).
-35
Let n(v) = 7*v - 18. Determine n(-4).
-46
Let c(l) = 59*l + 218. What is c(-4)?
-18
Let g(r) = -16*r - 135. What is g(-8)?
-7
Let s(d) = -38*d - 13. Determine s(3).
-127
Let r(c) = c - 12. Give r(9).
-3
Let k(c) = -c - 8. What is k(-13)?
5
Let g(o) = 10*o**2. What is g(3)?
90
Let j(m) = -5*m + 104. What is j(19)?
9
Let s(b) = -b**3 - 2*b**2 + 18*b + 20. What is s(-5)?
5
Let j(x) = -2*x**2 - 2*x - 3. What is j(0)?
-3
Let y(x) = -x - 12. Determine y(-9).
-3
Let w(p) = -4*p**3 - 2*p**2 - 2*p - 3. What is w(-2)?
25
Let j(s) = s**2 - 11*s - 36. Determine j(14).
6
Let x(s) = -9*s + 22. Determine x(3).
-5
Let r(l) = l**2 + 17*l - 40. What is r(2)?
-2
Let d(x) = -x - 7. Determine d(-3).
-4
Let f(k) = -23*k + 141. Give f(6).
3
Let z(h) = h**2 - 14*h + 20. Give z(12).
-4
Let f(n) = -n**2 - 9*n - 5. What is f(-8)?
3
Let q(c) = -4*c**2 - c. What is q(-1)?
-3
Let y(x) = x**3 - 9*x**2 + 4*x - 31. What is y(9)?
5
Let w(q) = -q**3 + 5*q**2 + q. What is w(6)?
-30
Let b(d) = -20*d + 1. Calculate b(0).
1
Let f(m) = -m**2 - 15*m - 43. What is f(-10)?
7
Let k(m) = -m**2 - 24*m - 146. Determine k(-11).
-3
Let w(l) = -l**3 - 4*l**2 - 3*l + 3. Give w(-4).
15
Let k(p) = -p**3 + 13*p**2 - 13*p + 8. What is k(10)?
178
Let c(l) = -2*l**3 - 15*l**2 - 7*l - 3. What is c(-7)?
-3
Let m(o) = 2*o + 8. Calculate m(-2).
4
Let y(l) = l**3 - 6*l**2 - 3*l - 15. Give y(7).
13
Let i(g) = g**3 + 19*g**2 + 15*g - 22. What is i(-18)?
32
Let g(i) = -i**2 + 28*i + 39. Give g(26).
91
Let w(r) = 3*r + 46. Determine w(-11).
13
Let o(v) = -32*v - 256. What is o(-8)?
0
Let l(y) = -17*y - 168. Give l(-12).
36
Let z(q) = q**3 - q**2 - 36*q + 32. Determine z(6).
-4
Let f(g) = -5*g - 6. Calculate f(-2).
4
Let o(z) = 26*z - 6. What is o(4)?
98
Let w(p) = -2*p**3 + 17*p**2 + 10*p + 18. Determine w(9).
27
Let l(y) = -y**2 - 24*y - 22. Determine l(-19).
73
Let o(k) = -k**2 - 6*k - 10. Give o(-4).
-2
Let d(t) = -3*t - 18. What is d(5)?
-33
Let f(n) = -n**2 - 3*n - 2. What is f(3)?
-20
Let s(f) = -17*f + 17. What is s(3)?
-34
Let g(i) = -i - 18. Determine g(-9).
-9
Let k(m) = m**3 + 25*m**2 + 68*m + 43. What is k(-22)?
-1
Let b(h) = -h**3 + 8*h**2 + 8*h + 9. Give b(9).
0
Let i(w) = -13*w - 67. Calculate i(-4).
-15
Let r(v) = -2*v**2 + 71*v - 179. What is r(33)?
-14
Let j(z) = 48*z - 617. What is j(13)?
7
Let t(k) = k - 20. What is t(15)?
-5
Let t(s) = -s**3 + 11*s**2 - 4*s - 32. What is t(11)?
-76
Let x(g) = -g**3 + 2*g**2. What is x(2)?
0
Let d(j) = -13*j - 16. What is d(10)?
-146
Let c(z) = 2*z**3 - 11*z**2 - 4*z - 14. Give c(6).
-2
Let u(g) = g**3 - 6*g**2 - 15*g + 91. Give u(6).
1
Let a(d) = d**3 - 3*d**2 - d + 5. What is a(-3)?
-46
Let d(h) = -2*h - 7. Give d(-3).
-1
Let k(q) = -q**2 + 8*q + 16. What is k(7)?
23
Let k(n) = n + 4. Give k(-7).
-3
Let u(s) = s**2 - 10. Determine u(5).
15
Let m(c) = c**2 + 4*c - 17. Give m(4).
15
Let r(m) = -60*m - 2215. Give r(-37).
5
Let w(s) = s**2 - s + 6. Determine w(0).
6
Let d(f) = -f**3 - 19*f**2 - 14*f + 70. Give d(-18).
-2
Let d(p) = p**2 - 66*p + 563. Determine d(56).
3
Let k(n) = n**3 + 14*n**2 - 13*n - 11. Determine k(-15).
-41
Let x(d) = d + 6. What is x(0)?
6
Let s(b) = -69*b**2 + b - 1. Calculate s(1).
-69
Let a(c) = 8*c + 25. Determine a(-4).
-7
Let x(q) = 2*q**2 - 9*q + 24. Give x(7).
59
Let g(v) = -v**3 + v**2 + 7*v - 10. Calculate g(4).
-30
Let h(x) = -3*x**2 - 125*x - 84. Determine h(-41).
-2
Let n(y) = 4*y**2 - 43*y + 30. Calculate n(11).
41
Let h(a) = a**3 + 11*a**2 + 4*a + 10. Give h(-10).
70
Let z(u) = u - 17. Calculate z(13).
-4
Let d(o) = -9*o + 13. Give d(7).
-50
Let p(o) = o**3 + 3*o**2 - 14*o + 8. What is p(-5)?
28
Let g(r) = r**3 - 8*r**2 - 16*r - 29. Determine g(10).
11
Let u(q) = q**3 + 2*q**2 - 12*q - 17. Determine u(-4).
-1
Let j(o) = -14*o - 14. Calculate j(9).
-140
Let j(a) = -12*a - 32. Determine j(-10).
88
Let b(x) = -24*x - 170. Determine b(-8).
22
Let b(z) = z**2 + 7*z - 7. Calculate b(-7).
-7
Let s(a) = 2*a - 27. Calculate s(12).
-3
Let k(s) = -s**2 + 2*s + 3. Calculate k(-3).
-12
Let v(f) = -23*f + 1. What is v(-1)?
24
Let h(d) = d**3 - 9*d**2 + 12*d - 12. Calculate h(8).
20
Let x(v) = v**3 - 19*v**2 + 2*v - 24. Determine x(19).
14
Let g(d) = -d**3 - 7*d**2 + 28*d + 156. What is g(-8)?
-4
Let c(g) = 20*g**2 - g. Give c(1).
19
Let q(d) = -d**3 + 4*d**2 - 2*d - 1. Determine q(2).
3
Let n(v) = 2*v**3 + v - 1. Calculate n(2).
17
Let a(r) = -8*r**3 - 4*r**2 - r. What is a(-2)?
50
Let y(x) = 2*x**3 + 2*x**2 - x - 3. Give y(2).
19
Let r(v) = 2*v**2 + 3*v + 5. Calculate r(-5).
40
Let j(w) = 3*w**3 - 5*w + 4. Calculate j(3).
70
Let s(l) = 2*l**3 - 20*l**2 - 3*l + 30. Determine s(10).
0
Let c(b) = 27*b**2 - 3*b - 1. Determine c(1).
23
Let p(f) = 4*f + 27. Give p(7).
55
Let c(i) = -i**3 - 17*i**2 - 29*i + 14. Determine c(-15).
-1
Let d(o) = o**2 - 35. Give d(6).
1
Let a(u) = u - 19. Give a(5).
-14
Let s(j) = -17*j + 70. Calculate s(4).
2
Let x(r) = -13*r - 123. What is x(-9)?
-6
Let n(x) = 39*x**2 + x - 1. What is n(1)?
39
Let i(r) = -11*r + 14. Calculate i(-3).
47
Let i(t) = -22*t - 910. Calculate i(-41).
-8
Let r(o) = -o**2 + 19*o - 42. Determine r(17).
-8
Let n(t) = 53*t + 742. Calculate n(-14).
0
Let b(s) = -19*s - 394. What is b(-21)?
5
Let r(d) = -2*d**3 + d**2 + d - 4. Calculate r(3).
-46
Let h(q) = -17*q + 29. Calculate h(9).
-124
Let l(o) = o**3 + o**2 - 59. Calculate l(0).
-59
Let i(w) = 5*w**3 - 4*w**2 + w + 3. Determine i(2).
29
Let l(z) = -z**3 - 14*z**2 + 17*z. Determine l(-15).
-30
Let p(n) = n**2 + 12*n - 20. What is p(-14)?
8
Let f(c) = -3*c - 8. What is f(-7)?
13
Let c(z) = 6*z**3 + z**2 + 12*z - 12. Calculate c(1).
7
Let h(p) = 6*p**2 - 16*p - 3. What is h(4)?
29
Let n(i) = -i**2 + 3*i - 7. Give n(7).
-35
Let z(r) = -r**3 + 5*r**2 + 9*r - 14. Give z(6).
4
Let b(g) = -31*g**2 + g. Determine b(1).
-30
Let z(q) = 13*q - 209. Determine z(16).
-1
Let r(s) = -19*s - 138. Calculate r(-7).
-5
Let g(v) = v - 19. Give g(13).
-6
Let n(k) = -3*k**3 - k - 3. Give n(-2).
23
Let a(o) = -o**3 + 7*o**2 - 6*o - 11. Determine a(6).
-11
Let c(z) = 2*z**3 + 11*z**2 + 6*z + 21. Calculate c(-5).
16
Let t(n) = 2*n*